 8446597
List the prime factors of 40843277.
5639, 7243
What are the prime factors of 166173924?
2, 3, 7, 19, 104119
List the prime factors of 11511216.
2, 3, 79939
What are the prime factors of 22230667?
67, 331801
List the prime factors of 250260817.
43, 853, 6823
What are the prime factors of 1189448345?
5, 127, 1873147
What are the prime factors of 236389164?
2, 3, 11, 59, 127, 239
What are the prime factors of 127285792?
2, 3977681
List the prime factors of 933034998.
2, 3, 7, 71, 139, 2251
List the prime factors of 110623745.
5, 443, 49943
List the prime factors of 789765019.
789765019
What are the prime factors of 1139061813?
3, 379687271
What are the prime factors of 45794824?
2, 109, 52517
List the prime factors of 3056393533.
46507, 65719
List the prime factors of 1254312556.
2, 7, 439, 102043
What are the prime factors of 341500904?
2, 359, 118907
What are the prime factors of 2115337133?
7, 13, 73, 318431
List the prime factors of 688727604.
2, 3, 127, 451921
List the prime factors of 66018678.
2, 3, 11, 941, 1063
List the prime factors of 1605697955.
5, 29, 11073779
What are the prime factors of 101422536?
2, 3, 293, 14423
List the prime factors of 306414454.
2, 9769, 15683
What are the prime factors of 83093414?
2, 2251, 18457
What are the prime factors of 101891640?
2, 3, 5, 849097
What are the prime factors of 3779430082?
2, 47, 4079, 9857
What are the prime factors of 288897169?
11, 223, 117773
What are the prime factors of 301852035?
3, 5, 2235941
List the prime factors of 38033974.
2, 11, 101, 17117
What are the prime factors of 81026597?
81026597
What are the prime factors of 2441416423?
2441416423
List the prime factors of 799696940.
2, 5, 7, 5712121
List the prime factors of 10683885.
3, 5, 389, 1831
What are the prime factors of 1603943169?
3, 534647723
What are the prime factors of 60512974?
2, 509, 59443
List the prime factors of 20475550.
2, 5, 47, 8713
What are the prime factors of 339998097?
3, 113332699
List the prime factors of 41965392.
2, 3, 7, 124897
What are the prime factors of 32160302?
2, 23, 43, 71, 229
What are the prime factors of 638112777?
3, 19, 1229, 9109
List the prime factors of 166691770.
2, 5, 7, 2381311
List the prime factors of 24767917.
24767917
List the prime factors of 873415570.
2, 5, 23, 43, 47, 1879
List the prime factors of 1116830096.
2, 17, 149, 1621
What are the prime factors of 40363684?
2, 1979, 5099
What are the prime factors of 292847539?
29, 1733, 5827
What are the prime factors of 13809766?
2, 6904883
List the prime factors of 993520958.
2, 496760479
What are the prime factors of 593563844?
2, 349, 425189
What are the prime factors of 7514903356?
2, 6947, 270437
List the prime factors of 230336082.
2, 3, 433, 9851
What are the prime factors of 31319323?
7, 433, 10333
What are the prime factors of 1588417244?
2, 41, 236231
What are the prime factors of 640597557?
3, 73, 2925103
List the prime factors of 5258574969.
3, 9391, 186653
What are the prime factors of 83156775?
3, 5, 13, 17, 29, 173
List the prime factors of 120387292.
2, 30096823
What are the prime factors of 620256622?
2, 310128311
List the prime factors of 114320406.
2, 3, 59, 322939
List the prime factors of 72711913.
4967, 14639
What are the prime factors of 391123565?
5, 7, 11174959
List the prime factors of 980144985.
3, 5, 37, 89, 19843
List the prime factors of 30142257.
3, 41, 269, 911
List the prime factors of 361638940.
2, 5, 13, 1390919
What are the prime factors of 5450349?
3, 1816783
What are the prime factors of 1487152269?
3, 165239141
What are the prime factors of 5934062?
2, 2967031
What are the prime factors of 35775537?
3, 7, 19, 12809
List the prime factors of 1124853197.
13, 31, 2791199
What are the prime factors of 49947270?
2, 3, 5, 1664909
What are the prime factors of 922616534?
2, 7, 37, 1781113
What are the prime factors of 476194231?
23, 71, 163, 1789
What are the prime factors of 2414858813?
1367, 1766539
List the prime factors of 2360121828.
2, 3, 73, 2694203
What are the prime factors of 253881393?
3, 269, 314599
What are the prime factors of 247507005?
3, 5, 16500467
List the prime factors of 7482740298.
2, 3, 11, 17, 607, 10987
What are the prime factors of 22795872?
2, 3, 11, 21587
List the prime factors of 96243412.
2, 24060853
What are the prime factors of 3910356397?
3910356397
What are the prime factors of 358282331?
11, 107, 27673
What are the prime factors of 187700676?
2, 3, 43, 363761
List the prime factors of 42652775.
5, 11, 43, 3607
List the prime factors of 107576321.
1319, 81559
What are the prime factors of 28152332?
2, 13, 541391
List the prime factors of 1295945491.
563, 2301857
What are the prime factors of 66082693?
41, 1611773
List the prime factors of 159098124.
2, 3, 113, 117329
What are the prime factors of 53363734?
2, 2161, 12347
What are the prime factors of 37549037?
37549037
What are the prime factors of 1758418252?
2, 439604563
List the prime factors of 53026005.
3, 5, 3535067
What are the prime factors of 639505606?
2, 319752803
List the prime factors of 4834903842.
2, 3, 103, 2607823
What are the prime factors of 43215638?
2, 241, 89659
List the prime factors of 1780901888.
2, 31, 28051
What are the prime factors of 58494203?
4409, 13267
List the prime factors of 245650500.
2, 3, 5, 79, 691
List the prime factors of 49230895.
5, 7, 17, 97, 853
List the prime factors of 705916541.
11, 5834021
List the prime factors of 411245706.
2, 3, 353, 194167
What are the prime factors of 132696803?
132696803
What are the prime factors of 134380960?
2, 5, 7, 119983
List the prime factors of 631093149.
3, 70121461
What are the prime factors of 29363043?
3, 1231, 7951
What are the prime factors of 38053343?
38053343
What are the prime factors of 242781636?
2, 3, 277, 73039
List the prime factors of 3607069763.
11, 19, 908353
What are the prime factors of 197580707?
419, 471553
What are the prime factors of 1282788731?
7, 183255533
List the prime factors of 30154751.
11, 29, 94529
List the prime factors of 8313241270.
2, 5, 831324127
What are the prime factors of 378402948?
2, 3, 7, 11, 45503
What are the prime factors of 82406738?
2, 97, 424777
List the prime factors of 673254322.
2, 13, 19, 1362863
What are the prime factors of 32387713?
32387713
What are the prime factors of 80788679?
80788679
What are the prime factors of 2123759311?
2123759311
What are the prime factors of 1496772044?
2, 19, 1367, 14407
List the prime factors of 589452801.
3, 7, 67, 97, 617
What are the prime factors of 2796410930?
2, 5, 601, 465293
What are the prime factors of 334223393?
7, 47746199
What are the prime factors of 184731086?
2, 257, 281, 1279
List the prime factors of 265579991.
265579991
List the prime factors of 755516376.
2, 3, 31, 112831
What are the prime factors of 998144434?
2, 7, 89, 801079
List the prime factors of 36282605.
5, 113, 64217
List the prime factors of 401106956.
2, 101, 137, 7247
What are the prime factors of 1010757078?
2, 3, 56153171
List the prime factors of 1296095609.
23, 61, 349, 2647
List the prime factors of 696185974.
2, 11, 2677, 11821
What are the prime factors of 110256114?
2, 3, 3673, 5003
List the prime factors of 5632402.
2, 97, 29033
What are the prime factors of 117190039?
73, 21991
List the prime factors of 16016699.
467, 34297
List the prime factors of 968348032.
2, 379, 19961
What are the prime factors of 38867025?
3, 5, 31, 73, 229
List the prime factors of 3357370396.
2, 479, 659, 2659
What are the prime factors of 816223476?
2, 3, 4679, 14537
What are the prime factors of 6673826998?
2, 647, 5157517
What are the prime factors of 24741361?
24741361
What are the prime factors of 690222196?
2, 19, 163, 55717
List the prime factors of 2105513673.
3, 89, 7885819
What are the prime factors of 310189052?
2, 419, 185077
List the prime factors of 6762879.
3, 19, 13183
List the prime factors of 182829000.
2, 3, 5, 60943
What are the prime factors of 1329988002?
2, 3, 7, 61, 519121
List the prime factors of 5325406282.
2, 7, 7681, 49523
What are the prime factors of 20789627?
113, 183979
List the prime factors of 4694147435.
5, 5521, 170047
List the prime factors of 809285951.
809285951
List the prime factors of 665388915.
3, 5, 61, 727201
List t